ppose -4*j + 0*j = -76. What is the remainder when j is divided by f/11 - (-8)/(-44)?
9
Let w(t) = -5 + 3*t**2 + 2*t + 2*t - 1 + t. Calculate the remainder when w(-6) is divided by 25.
22
Suppose 2*d - 45 - 19 = 0. Calculate the remainder when d*(3 - 6)/(-3) is divided by 15 + (-2 + 0)/(-1).
15
Suppose 4*n = 0, 5*m - 2*n = -n + 430. Let b = m - 46. Let c(u) = -15*u - 1. Calculate the remainder when b is divided by c(-1).
12
Suppose 3*k + 36 = 3*b - 78, 5*k - 98 = -3*b. Calculate the remainder when b is divided by 19.
17
What is the remainder when (-2235)/(-10)*4/6 is divided by 30?
29
Let r = -399 - -587. Suppose 5*c - 3*f - 208 = 0, -3*c + 2*f - 63 + r = 0. What is the remainder when c is divided by 14?
13
Let a be (-10)/8 + 2/8. Let q = a - -44. Calculate the remainder when q is divided by 11.
10
Let y(k) = k + 3. Let r be y(0). Let b(l) = -l**3 + 3*l**2 + 5*l + 3. Calculate the remainder when (-12 - 0)/(2 - r) is divided by b(4).
5
Calculate the remainder when (-297)/(-15) + 10 - 4/5 is divided by 17.
12
Let z(q) = -5*q - 10. What is the remainder when 55 is divided by z(-8)?
25
Let w = 17 - -4. Calculate the remainder when 25 is divided by (w + 0)/(6/4).
11
Let c = 32 - 25. Suppose -a - 3*r = 1 - 0, -64 = -4*a + 5*r. What is the remainder when a is divided by c?
4
Let z(f) = -f**3 + 2*f**2 - 3*f + 1. Let l be z(-4). Suppose 5*u + l = 339. Calculate the remainder when u is divided by 16.
14
Suppose 0 = 5*b - c - 54, 7*c - 5 = 2*c. Let r(d) = d**2 - 5*d - 5. Calculate the remainder when r(9) is divided by b.
9
Let b(p) = -p**3 + 8*p**2 + 2*p. Let f be 0 + (-16)/((-6)/3). What is the remainder when 31 is divided by b(f)?
15
Let r = 27 + -17. What is the remainder when 38 is divided by r?
8
Let a(w) = -w**3 - 3*w**2 + 5*w + 5. Let j be a(-4). Calculate the remainder when 14/6*3/j is divided by 2.
1
What is the remainder when 22 is divided by 8/(-12) + 38/3?
10
Suppose 2*d + 6 = 5*d. Suppose -2*q = -5*n - 38, d*q - n - n - 44 = 0. Calculate the remainder when q is divided by ((-10)/15)/((-2)/39).
11
Let g be (-8)/(-3)*(-18)/8. Let a = -4 - g. Suppose 0 = -2*y + a*n + n + 67, -5*y - 4*n + 110 = 0. Calculate the remainder when y is divided by 14.
12
Let a(u) = -u**2 + 9*u - 3. Let j(w) = w**3 - w**2 + 3*w - 2. Let q be j(2). What is the remainder when 19 is divided by a(q)?
4
Let n = -17 - -34. What is the remainder when 49 is divided by n?
15
Let v be (-30)/(-2 + 1)*1. Suppose -10*a = -7*a - v. Calculate the remainder when 39 is divided by a.
9
Suppose 215 = 2*j + 3*j. Suppose 3*p - 3 = 2*p. Suppose 0 = 7*i - 2*i - p*o - 115, 0 = -2*i + 2*o + 46. What is the remainder when j is divided by i?
20
Let m(v) = -v + 14. Suppose 4*i = s - 29, 0 = 5*i + 8 - 3. What is the remainder when s is divided by m(0)?
11
Let q = -30 + 91. Let c be 3/(-1*2/(-18)). Let m = q - c. What is the remainder when m is divided by 12?
10
Suppose 32 = 5*v + 3*u, 3*v = -2*u - 3*u + 32. Calculate the remainder when 7 is divided by v.
3
Let u(x) = 2*x - 4. Suppose -6*g = -g - 10. Calculate the remainder when g is divided by u(3).
0
Suppose 2*j + 4*h + 2 = 12, -3*h = -j + 25. What is the remainder when 23 is divided by j?
10
Suppose 5*m + 4 - 104 = 0. What is the remainder when 39 is divided by m?
19
Suppose 4*z - 4 = -5*v + 12, 0 = -z + 4*v + 4. Suppose -3*d - d = 3*c - 12, -c + 4 = 5*d. Suppose 18 = -d*n + 3*n. What is the remainder when n is divided by z?
2
Suppose -l + 9 = -6. What is the remainder when 43 is divided by l?
13
Suppose 0 = -2*d + 4*j - 6, d - 5*j + 17 = -1. Suppose 63 + d = 5*a. What is the remainder when 25 is divided by a?
11
Let c = 209 - 195. Suppose 2*a + 4*i = i + 94, 12 = -3*i. What is the remainder when a is divided by c?
11
Suppose 0 = 11*f - 85 - 47. What is the remainder when 94 is divided by f?
10
Suppose 5*a + 10 - 55 = -3*d, -d = -a - 23. What is the remainder when d is divided by 11?
9
What is the remainder when 12 + (0 + -2)/(-2) is divided by 6?
1
Let z = -18 - -43. What is the remainder when 48 is divided by z?
23
Let b = -31 - -57. Let z(a) = 2*a + 3. What is the remainder when b is divided by z(3)?
8
Suppose j - 5*g - 34 = 0, j - 3*g + 174 = 4*j. Suppose -2*k = k - j. What is the remainder when k is divided by 10?
8
Suppose 3*g + 2*g = 110. Let c = -9 + g. Suppose 5*t + 2 = -i, -4*i - 2*t = -5*t - 107. Calculate the remainder when i is divided by c.
10
Suppose -210*x + 213*x = 21. Let j = -6 - -8. Calculate the remainder when x is divided by j.
1
Suppose -51 = -4*r + 157. What is the remainder when r is divided by 18?
16
Let w = 56 - 23. What is the remainder when w is divided by 17?
16
Let g(d) = -d**2 + 14*d - 18. Calculate the remainder when g(11) is divided by 4.
3
Calculate the remainder when 108 is divided by ((-74)/3)/((-8)/12).
34
Suppose 4*w + 9 - 29 = 0. Suppose -w*b + 4*b = -2. Suppose -5*u = b*z - 64, z - 5*u + 27 = 2*z. What is the remainder when z is divided by 13?
11
Suppose -4*k + 4*m = -24, 5*m = -3*k + 1 + 1. Suppose -4*g + k*h = -64, 0 = g + 4*g - 2*h - 71. What is the remainder when g is divided by 7?
6
Let i(f) = 2*f + 8. What is the remainder when 33 is divided by i(5)?
15
Let q = -133 + 194. Let c = -32 + q. Calculate the remainder when c is divided by 8.
5
Let o = 8 - 6. Let l(z) be the third derivative of z**5/60 + z**4/8 - z**3/6 + 4*z**2. What is the remainder when l(o) is divided by 5?
4
Calculate the remainder when 110 is divided by (-12)/(-16) + 726/24.
17
Let b be -2 - (20 + 1 + -1). Suppose 6 = -3*d - 0*d. Let p = d - b. Calculate the remainder when 59 is divided by p.
19
What is the remainder when 30 is divided by (5/(20/9))/(1/4)?
3
Suppose 4*x - 234 = -74. What is the remainder when x is divided by 21?
19
Let a(f) = -2*f + 7. Let d(q) = 5*q**2 - q - 1. Let t be d(-1). Let m be a(t). What is the remainder when 13 is divided by 3*(1 - 4/m)?
6
Suppose 0 = -2*g - 2 - 4. Let l = g - -3. Suppose 0*b - 4*b + 44 = l. What is the remainder when 32 is divided by b?
10
Let l be (-12)/8*20/3. Let j = -6 - l. Calculate the remainder when 14 is divided by j.
2
Suppose i - 31 = 2*v - 102, 0 = 3*v + 2*i - 96. What is the remainder when v is divided by 9?
7
Let f = -187 - -122. Let g = 6 - f. Calculate the remainder when g is divided by 24.
23
Let u(z) = z**2 - 6*z + 4. Calculate the remainder when 15 is divided by u(6).
3
Let q be 1*3/(-1) - -8. Suppose b = q*b - 48. What is the remainder when (-2 + 3)*(-23)/(-1) is divided by b?
11
Let i = 21 - 15. Let q be ((-15)/9)/(3/(-9)). Let a(l) = l**2 - 5*l + 4. What is the remainder when i is divided by a(q)?
2
Suppose t - 6 = -t. Let c = t + -1. Calculate the remainder when c is divided by 2.
0
What is the remainder when -5 + 5 + 2 - -89 is divided by 47?
44
Suppose 0 = -0*n - n + 4, -2*a + 6 = -3*n. What is the remainder when a is divided by 2?
1
Let v(z) = -z**3 - 4*z**2 + z - 7. Let q be v(-5). Suppose 0 = 4*p - 31 - q. Calculate the remainder when p is divided by 3.
2
Let g(a) = a**3 + 4*a**2 - a - 1. Suppose 4*y - 14 = -2. Calculate the remainder when g(-4) is divided by y.
0
Let w(g) = 2 - 2 - 6*g + 1. Suppose -5*t + 135 = 5*q, 3*q - t + 14 = 87. Calculate the remainder when q is divided by w(-2).
12
Suppose 28 = -20*d + 24*d. What is the remainder when 41 is divided by d?
6
Suppose -2*g = -4*g - 8. Suppose -94 = 5*k + 41. Calculate the remainder when 17 is divided by g/(-3*(-6)/k).
5
Suppose -2*d - d = -15. Suppose v = -1 + d. Calculate the remainder when 10 is divided by v.
2
Let j(g) = 3*g + 1. Calculate the remainder when (2 - -1)*(-45)/(-5) is divided by j(2).
6
Let y(j) = -j**2 + 3*j + 13. What is the remainder when 10 is divided by y(5)?
1
Let x = 68 - 36. What is the remainder when x is divided by 11?
10
Suppose -2*o - 3*m + 31 + 15 = 0, -5*m = -o - 3. What is the remainder when 50 is divided by o?
16
Suppose -5*m + 68 = -w, w + 2 - 4 = 0. What is the remainder when m is divided by 9/2 - 6/(-12)?
4
Suppose 4*g - 13 = 3. Suppose -131 - 109 = -g*i. What is the remainder when i is divided by 21?
18
Let t(c) = 2*c**3 + c. Let q = 0 - -1. Let s be t(q). What is the remainder when 22/3 + 2/s is divided by 5?
3
Let t be 1/1 - (3 + -1). What is the remainder when 27 is divided by (-3 - (t + 0)) + 12?
7
Suppose -b + 5*b - 276 = 0. Suppose 3*p = 4*f - b, -40 = -f + 4*p